Let p(q) = -q**3 + 48*q**2 + 67*q - 593. Calculate p(47).
4765
Let r(i) = 158*i**2 - 75522*i - 986. Give r(478).
-30
Let x(r) = -r**2 - 99149*r - 1685245. Calculate x(-17).
-1
Let b(m) = 1680*m + 36967. Calculate b(-22).
7
Let k(o) = -8140*o + 47702. Calculate k(6).
-1138
Let a(m) = 6*m**2 + 66*m - 652. Determine a(-19).
260
Let v(f) = -52253*f - 1358599. Determine v(-26).
-21
Let v(l) = -12*l**3 - 272*l**2 + 79. Give v(-22).
-3793
Let c(b) = 29*b**2 + 323*b - 2223. Give c(7).
1459
Let i(r) = r**3 - 18*r**2 + 46*r - 21. What is i(15)?
-6
Let y(o) = o**3 + 1231*o**2 + 218430*o - 10170. Give y(-1016).
-10
Let z(t) = 13440*t + 53772. Calculate z(-4).
12
Let p(u) = 447679*u - 2238509. Give p(5).
-114
Let b(k) = -187799*k + 3004795. What is b(16)?
11
Let f(i) = -98*i**2 + 8230*i + 127. Determine f(84).
-41
Let a(t) = 4517*t + 1982966. Calculate a(-439).
3
Let n(h) = -55*h - 1897. Give n(-43).
468
Let z(v) = 2647*v**2 - 137648*v + 145. What is z(52)?
-63
Let d(z) = -3*z**3 - 902*z**2 - 34515*z. Give d(-45).
0
Let p(v) = v**3 + 23*v**2 - 962*v - 14142. Give p(-14).
1090
Let v(m) = -8*m**2 + 279*m + 595. What is v(37)?
-34
Let u(a) = -611*a + 423665. Give u(694).
-369
Let u(t) = 5*t**2 + 2163*t - 4318. Calculate u(2).
28
Let i(f) = -f**3 + 12*f**2 - 3*f - 289. What is i(11)?
-201
Let c(r) = 44*r**2 + 5374*r + 258. What is c(-122)?
-474
Let s(b) = 7334*b + 315279. Give s(-43).
-83
Let l(d) = -335*d**2 + 1666*d + 38. Calculate l(5).
-7
Let s(c) = -362*c - 12539. Calculate s(-34).
-231
Let f(z) = -3*z**3 + 683*z**2 + 3730*z - 442. Calculate f(233).
24
Let x(o) = 5*o**2 + 975*o + 3132. Calculate x(-191).
-688
Let l(f) = 104*f - 14754. Determine l(113).
-3002
Let w(q) = 81506*q + 815046. Calculate w(-10).
-14
Let z(x) = -4959*x + 262725. Calculate z(53).
-102
Let n(u) = -2314*u + 158201. Determine n(69).
-1465
Let b(x) = 3*x**3 + 93*x**2 - 1660*x + 2928. Calculate b(2).
4
Let q(g) = -1364*g + 141785. Calculate q(104).
-71
Let m(w) = 29*w**3 + 712*w**2 + 385*w + 28. Determine m(-24).
4
Let l(h) = 2956*h - 44207. What is l(15)?
133
Let l(z) = -384*z + 2208. Determine l(8).
-864
Let n(b) = -23*b**2 + 171*b + 6112. Calculate n(-13).
2
Let g(x) = -109584*x - 16656790. Determine g(-152).
-22
Let h(q) = -3065*q - 94949. Calculate h(-31).
66
Let c(w) = -21*w**2 - 2621*w - 666. Give c(-124).
1442
Let c(j) = 10*j**3 - 62*j**2 + 254*j + 64. Give c(4).
728
Let k(c) = 64*c**2 - 185*c - 391. Give k(-6).
3023
Let l(n) = -394*n + 230. Calculate l(2).
-558
Let z(j) = -5*j**2 - 51*j + 26776. Calculate z(68).
188
Let v(r) = -3*r**2 - 1650*r + 179390. Give v(-643).
-7
Let z(u) = -1061*u + 2583. Calculate z(2).
461
Let y(b) = -b**3 + 137*b**2 + 1959*b + 53. Give y(-13).
-64
Let t(o) = o**2 - 34*o - 6661. Calculate t(102).
275
Let w(i) = 19*i**3 - 22*i**2 - 38*i + 34. What is w(1)?
-7
Let t(o) = o**3 + 49*o**2 - 539*o - 1031. Calculate t(-58).
-45
Let q(t) = -t**2 - 313*t - 8558. Determine q(-282).
184
Let k(b) = 2*b**3 - 46*b**2 - 82*b + 1851. Give k(23).
-35
Let v(s) = -6119*s + 85629. Give v(14).
-37
Let r(c) = c**3 - c**2 + 40*c - 4. Calculate r(0).
-4
Let b(q) = q**3 - 39*q**2 + 143*q + 160. Give b(5).
25
Let i(m) = -331*m - 203940. Determine i(-616).
-44
Let x(u) = u**2 - 360*u - 5677. Give x(-15).
-52
Let v(t) = t**3 + 124*t**2 - 846*t - 90118. What is v(-125)?
7
Let s(a) = 94*a**2 - 19*a - 16. What is s(8)?
5848
Let f(s) = -s**3 + 25*s**2 + 50*s + 13. Give f(25).
1263
Let l(k) = -k**2 + 249*k - 14495. Calculate l(149).
405
Let i(m) = -734612*m - 10284560. What is i(-14)?
8
Let a(i) = 63*i - 5268. What is a(82)?
-102
Let w(l) = -1768*l + 12304. Calculate w(7).
-72
Let a(t) = -31*t**2 + 239*t - 668. Determine a(3).
-230
Let n(j) = -23*j - 136. Determine n(151).
-3609
Let t(x) = x**3 - 85*x**2 + 862*x - 5216. Determine t(74).
-1664
Let t(c) = -9695*c + 135717. Give t(14).
-13
Let i(j) = j**3 - 117*j**2 + 1850*j + 632. Calculate i(98).
-544
Let j(b) = -117*b + 1444. What is j(10)?
274
Let o(f) = -75*f + 3286. Give o(40).
286
Let f(s) = -1853*s + 16626. Calculate f(9).
-51
Let h(w) = 282*w - 1216. Calculate h(4).
-88
Let m(z) = -7*z**2 - 493*z + 484. Determine m(1).
-16
Let x(j) = 23*j**2 + 1299*j + 9212. Calculate x(-7).
1246
Let l(c) = -c**3 + 33*c**2 + 219*c - 2605. Determine l(37).
22
Let a(m) = -65*m - 220. Determine a(-2).
-90
Let s(l) = 247*l + 44396. Determine s(-176).
924
Let j(s) = -143*s**3 + 13*s**2 - 448*s + 1279. Calculate j(3).
-3809
Let f(w) = 11*w**2 + 26306*w + 78922. Calculate f(-3).
103
Let i(p) = -p**3 - 4*p**2 - 36424*p - 218652. What is i(-6)?
-36
Let v(h) = -48*h + 2064. Give v(47).
-192
Let u(z) = -2159*z - 58210. Determine u(-27).
83
Let b(d) = -2*d**2 - 521*d - 6694. Calculate b(-247).
-25
Let h(q) = q**3 - 53*q**2 + 776*q - 2326. What is h(29)?
-6
Let h(i) = i**2 + 312*i + 2209. Give h(-7).
74
Let i(b) = 657*b - 1534. What is i(2)?
-220
Let f(q) = 20*q**2 + 4096*q + 49899. Calculate f(-13).
31
Let l(x) = x**2 + 2103*x + 59872. What is l(-29)?
-274
Let n(d) = -4*d**2 - 11326*d - 358355. What is n(-32)?
-19
Let g(w) = 8*w**3 - 398*w**2 + 272*w - 20. What is g(49)?
-1098
Let t(m) = -m**3 - 79*m**2 + 700*m - 659. Determine t(-87).
-1007
Let a(n) = 11*n + 161. Calculate a(10).
271
Let l(d) = 59*d + 1683. Determine l(-9).
1152
Let l(z) = -z**2 + 213*z - 7265. Give l(170).
45
Let y(n) = 65*n + 16155. Calculate y(-248).
35
Let w(j) = -222*j**3 - 7*j**2 - 282*j - 291. Determine w(-1).
206
Let k(r) = -463*r**2 - 865*r + 8. Give k(-4).
-3940
Let d(i) = 10*i**3 + 528*i**2 - 108*i - 101. What is d(-53)?
5
Let g(i) = 13*i**2 - 70259*i + 210638. What is g(3)?
-22
Let t(g) = -1103*g**2 - 2304*g + 28. Give t(-2).
224
Let g(a) = 2*a**3 - 98*a**2 + 199*a - 612. Calculate g(47).
-95
Let h(j) = -6981*j + 34926. Calculate h(5).
21
Let p(u) = -10*u**2 - 58*u + 46. Calculate p(-15).
-1334
Let o(j) = -159*j + 3125. Calculate o(25).
-850
Let o(n) = -8*n**3 + 15*n**2 + 421*n + 4. Give o(-6).
-254
Let x(i) = 78*i**2 + 5892*i + 5892. Calculate x(-1).
78
Let a(b) = -b**3 - 25*b**2 - 21*b - 279. Calculate a(-20).
-1859
Let w(h) = -h**2 - 418*h + 3406. What is w(8)?
-2
Let n(x) = -x**2 + 7865*x + 467505. What is n(-59)?
-11
Let v(u) = -u**3 + 17*u**2 + 688*u - 11698. Give v(17).
-2
Let u(c) = -2*c**3 - 179*c**2 - 912*c - 20. Determine u(-84).
-1028
Let j(m) = m**3 + 325*m**2 + 6382*m - 601. Give j(-304).
7
Let u(h) = 275*h**2 - 501*h - 3. Give u(2).
95
Let x(g) = 4*g**3 + 3*g**2 - 897*g - 1792. Give x(-2).
-18
Let q(h) = h**3 + 439*h**2 + 21777*h + 131. Calculate q(-57).
-40
Let j(p) = -6*p**3 - 65*p**2 - 643*p - 1478. What is j(-3)?
28
Let h(y) = -12*y**2 - 735*y - 3513. Determine h(-56).
15
Let k(m) = -2*m**3 - 625*m**2 - 688*m - 117141. Give k(-312).
171
Let f(v) = -5*v**2 - 196*v + 1518. What is f(8)?
-370
Let g(l) = -l**3 - 97*l**2 + 182*l + 8548. What is g(-98)?
316
Let v(q) = q**3 - 4*q**2 - 1172. What is v(0)?
-1172
Let x(d) = d**3 - 50*d**2 + 265*d - 111. Give x(44).
-67
Let o(u) = -u**2 + 1210026*u - 3630070. Give o(3).
-1
Let w(t) = -11963*t - 107629. What is w(-9)?
38
Let y(i) = -265*i**2 + 3414*i - 3405. What is y(1)?
-256
Let k(h) = h**3 + 376*h**2 + 3842*h - 17160. Determine k(-14).
4
Let k(h) = -3*h**2 + 3048*h - 378888. What is k(145)?
-3
Let z(r) = r**3 + 136*r**2 + 1410*r - 12. Determine z(-11).
-397
Let h(r) = 7768*r - 100951. Give h(13).
33
Let j(a) = -a**3 + 67*a**2 - 189*a + 8. Determine j(0).
8
Let t(y) = -591*y + 104609. Give t(177).
2
Let i(u) = -u**3 + 58*u**2 + 559*u + 396. What is i(-7)?
-332
Let a(f) = 17*f**2 - 3236*f + 21827. What is a(7)?
8
Let v(c) = 3143*c - 151013. What is v(48)?
-149
Let b(z) = 6*z**2 - 62966*z + 251879. Determine b(4).
111
Let b(u) = -2*u**3 - 418*u**2 - 8536*u + 20. Calculate b(-23).
-440
Let u(p) = -3*p**2 - 111*p + 174. Calculate u(-36).
282
Let r(p) = p**3 - 45*p**2 - 1330*p - 2473. Give r(-2).
-1
Let h(c) = -5*c**2 - 10420*c + 135763. What is h(13)?
-542
Let i(v) = 13*v**2 - 39*v + 31. Determine i(11).
1175
Let z(r) = -20*r**3 + 7*r**2 - 15*r - 35. Calculate z(-5).
2715
Let i(d) = d**2 - 301*d + 11069. Determine i(77).
-6179
Let j(b) = -26*b**2 - 478*b - 736. Calculate j(-17).
-124
Let m(x) = x**2 - 18149*x - 13096579. Give m(-695).
1
Let o(w) = -w**3 - 114*w**2 + 885*w + 100886. Give o(-114).
-4
Let i(k) = 68228*k